- -1 - (-7 - 0)?
5
What is 3 + (0 - 9 - -3)?
-3
Calculate 0 - (8 + -4 + (0 - 0)).
-4
-3 - (-13 - -10) - (6 + -1)
-5
Evaluate (-3 - -4) + 2 + -10.
-7
7 + -2 - (-5 + 9)
1
Calculate -3 - (-19 - (-18 + 8)).
6
Calculate (-70 - -71) + 5 + -1 + -1.
4
What is the value of 5 + -7 + 7 - 3 - 6?
-4
-1 + (1 - -2) + (10 - 7)
5
What is the value of 10 - 6 - (0 + 8)?
-4
2 + -6 - (-13 + (-2 - -6))
5
What is 5 - (4 + (-7 - -4))?
4
Evaluate 3 + -9 + (-5 - -13).
2
-6 + 0 + 5 + 0
-1
What is (-3 - 3) + -1 - -2?
-5
What is the value of 4 + 1 + -2 + (0 - 1)?
2
Evaluate -4 - ((-8 - 2) + 5).
1
What is the value of 1 - (4 + 4 + -7)?
0
Evaluate -5 + 4 + -3 + 4.
0
Evaluate (12 - 3) + -9 + -4.
-4
Calculate 12 + -6 - 3 - (7 - -1).
-5
What is -4 + 5 - 4 - (0 - -1)?
-4
0 - (-5 + -1 + (-3 - -6))
3
Calculate 4 + -2 - (1 - -2 - -2).
-3
Calculate 2 - 0 - (2 - 2) - 3.
-1
What is 40 + -32 + -1 + -13?
-6
Calculate 1 - (3 + 1) - 1.
-4
(-7 - -2) + -2 - (-3 + 3)
-7
What is the value of -4 - ((3 - -1) + (-6 - -3))?
-5
Calculate -4 + -1 + (5 - 4).
-4
(15 - (4 - -3)) + -2
6
What is -3 - (-2 + 6 + -3)?
-4
What is the value of -7 - (-16 + 0 + 11)?
-2
Calculate 4 + (0 + 5 - (-30 + 33)).
6
Evaluate -2 + -1 + -5 + 5 + 3.
0
Calculate (-5 - -7 - (2 - -1)) + -3.
-4
2 + (-2 + -1 - (-9 - -12))
-4
Calculate 6 + (3 + -7 - -3).
5
What is 3 + -2 - (0 - -10)?
-9
4 - (4 + (-6 - -2))
4
What is the value of 5 - (6 + (3 - 9) + 8)?
-3
-5 + 7 - (0 + 5 + -4)
1
Calculate 6 + 1 + (1 - 3 - 2).
3
What is the value of 2 - (4 - (-10 + 6 - 2))?
-8
Calculate -6 + 7 - (1 + (-6 - -3)).
3
What is the value of -6 + 5 + 0 + (0 - -6)?
5
What is the value of -3 - (0 + -2 - -1 - 5)?
3
Evaluate -9 + (19 - 12) + 9.
7
What is the value of 11 + -5 + -1 + 0?
5
What is 12 - (4 + 8 - 3)?
3
What is the value of -1 + 4 + 5 + -4?
4
What is -1 + 0 + -5 + (139 - 126)?
7
What is -9 + 6 + -2 + 5?
0
Evaluate -7 - -4 - (-3 - (-2 + 2)).
0
Calculate -6 - ((-27 - -20) + (-1 - -4)).
-2
What is the value of 23 + -27 - (0 + -2 - -3)?
-5
-10 + (6 + -12 - -9)
-7
38 - 47 - (4 + -12)
-1
Calculate -1 + -2 - -4 - 0.
1
Evaluate -7 + -8 + (-2 - -12).
-5
-3 - ((-3 - -8) + -3)
-5
(-4 - 0) + 6 + 0 + -2
0
Calculate (-3 - (-2 - 1)) + (-27 - -28).
1
Evaluate (-2 - (6 + -7 + -3)) + -4.
-2
Calculate 6 - ((-2 - 2) + 4 - -5).
1
Evaluate 6 - (8 - (-5 + (3 - -7))).
3
What is the value of 2 + -6 + 4 + 0?
0
Evaluate 1 + 2 - (-29 - -34).
-2
Calculate 4 - (21 + (-11 - 0)).
-6
What is the value of -1 + 1 + 3 - (1 + -1)?
3
Calculate 2 + 1 + (0 - (2 + 2)).
-1
Evaluate 4 + 1 + -2 + 1.
4
Evaluate -3 + 14 - (-4 + 16).
-1
3 - (0 + -2 + 3)
2
What is (-7 - (2 - (-14 + 8))) + 7?
-8
Evaluate 6 - (-5 - (-4 - 3)).
4
Calculate -8 - ((-5 - -6) + -4).
-5
(-27 - -11) + 14 - (-1 - 4)
3
Calculate 1 + 0 + -1 - (2 - 4).
2
7 + ((4 - 5) + 0 - 6)
0
Evaluate 2 + (3 + -2 - 7).
-4
Calculate (-1 - (0 + -2)) + (-6 - -3).
-2
What is the value of -4 + 1 - 0 - (5 + -1)?
-7
What is the value of -3 + 3 + -3 + 7?
4
What is the value of (-1 - -7) + (10 - (-7 + 12))?
11
(-6 - 1) + (32 - 34)
-9
What is the value of 0 + 3 - (6 - 5)?
2
What is 2 + -2 + -9 + 3 + 9?
3
What is the value of -2 + (6 - (0 - -7)) + 5?
2
-7 + 7 + (-1 - 5) + -2
-8
What is the value of (-8 - 1) + 10 + 2?
3
What is the value of -2 - -5 - (2 + 0 + 0)?
1
What is 15 + (-5 - -1) + -18?
-7
What is 1 - (-2 - (6 + -2) - -9)?
-2
2 + 5 + (-13 - -2) + -2
-6
(-24 - -4) + 10 - (-4 + 1)
-7
Evaluate 0 + 0 + -6 - -1.
-5
Evaluate -2 + 7 + 55 + -65.
-5
What is 0 - (-5 - (8 - 16))?
-3
What is the value of 0 + -2 + 4 + 1?
3
Evaluate (6 - (3 + 3)) + 5 + -5.
0
Evaluate 0 + -2 - (-3 + -3 - -1).
3
What is -7 - (4 - 6 - (3 - -2))?
0
Calculate (0 - (6 + -8)) + -4.
-2
Evaluate -3 - (1 - 1 - -3).
-6
7 + (30 - 26 - (2 - -1))
8
Evaluate 0 + -1 + -6 + -2 + 9.
0
-7 + 5 - (-5 + 0)
3
Calculate -36 + 30 + 2 + (-1 - 2).
-7
What is (-13 - -6) + 11 - 12?
-8
What is the value of (0 - (-2 - 8 - -5)) + -4?
1
What is -1 - (-5 - (5 - 2 - 13))?
-6
Evaluate (-1 - 1 - (-4 - 0)) + -6.
-4
Evaluate -2 + -1 + 5 + 6 + -4.
4
1 - (1 + 0 - 1)
1
What is 21 + -19 + (1 - 0)?
3
Calculate -7 - (7 - 15) - 3.
-2
Evaluate -4 - -8 - 1 - (3 - -3).
-3
What is the value of 0 + -9 + (-48 - -52)?
-5
Evaluate 0 + -4 - (-14 - -9).
1
What is 4 - (21 - 15 - (2 + 5))?
5
What is the value of -2 + -3 - (-5 - -2 - -1)?
-3
-1 - ((5 - 3) + -5)
2
-3 - -7 - (-4 + 12 - 4)
0
0 - (-10 + 7 + (-1 - -1))
3
What is 9 + (-4 - 5) + -4?
-4
What is the value of 3 + (2 - (4 + 9)) + 3?
-5
What is the value of (-3 - (-6 - -8)) + -1?
-6
Calculate -6 - (-4 + (0 - -1)).
-3
What is the value of 1 - (-12 - -5 - (1 + -5))?
4
What is the value of -14 + (19 - 10) - -5?
0
Calculate 7 + -10 + (-13 - -9).
-7
What is (34 - 38) + (7 - -2) + -2?
3
What is 1 + -3 + (-2 - -1)?
-3
What is 5 + (-2 - (5 + -8)) - 8?
-2
Calculate 4 + -3 + 2 + (-4 - 1).
-2
0 + (3 - (0 - 0))
3
Calculate 33 - 43 - (-1 - 4) - -5.
0
What is 1 - (-7 + 7 - 4)?
5
What is the value of -4 - (-4 + 1) - 2?
-3
-1 + (0 + 6 - 0)
5
0 - (-8 + 0 + (-55 - -60))
3
32 - 17 - (13 + -3)
5
What is (-6 - (3 + -3)) + 10?
4
Evaluate -10 + (6 + -1 - 4) + 3.
-6
What is (-1 - (6 - 0)) + 5 + 11?
9
Evaluate 3 + -12 + 8 - 1.
-2
Evaluate (-6 - 1) + (5 - 4) + 1.
-5
Evaluate 0 + 2 + 11 + -10.
3
What is the value of (-8 - (-3 + -4)) + -5?
-6
What is the value of 0 + (7 - (-8 + 16))?
-1
What is the value of (22 - 12 - 1) + -12?
-3
Calculate 13 + 14 + -7 + (2 - 14).
8
Evaluate 1 + -5 + 4 + (0 - 4).
-4
What is the value of (3 - 0) + -3 + (4 - 1)?
3
What is -2 - (0 + (-3 + 0 - -3))?
-2
What is -9 + (-4 - -3 - -5) - -3?
-2
Evaluate 2 - (4 + -2 + (2 - 3)).
1
Evaluate 1 + 4 + (3 - 4) - -3.
7
-1 + 2 + (-3 + 1 - -8)
7
What is -2 + 3 + -5 + 4?
0
Evaluate (26 - 29) + -2 + -1.
-6
What is 0 - 8 - -4 - 0 - -2?
-2
Calculate 0 + -1 - (8 + (2 - 6)).
-5
Evaluate -11 + 12 + 3 + -4 + -3.
-3
What is the value of -2 + (2 - 1) + -1?
-2
Evaluate 5 + (0 - 5) + (6 - 6).
0
What is the value of -1 + 4 + -2 + 5 + -7?
-1
What is 14 + (-4 - (3 - 1))?
8
Evaluate 5 - (0 - (-4 - 6)).
-5
Calculate 30 - 27 - (-2 + (-1 - -7)).
-1
Calculate -7 - -5 - (-2 + 1 + -5).
4
Evaluate (-6 - 0) + (2 - -1).
-3
0 + 0 - -3 - 4
-1
What is the value of 10 + (-2 - 2) + -4?
2
Evaluate 29 + -28 + (-1 - -4) - 2.
2
What is -1 + (13 - 3) + -3 + -1?
5
3 + (0 - -2) - (-2 - -3)
4
-1 + -6 + -2 + 5
-4
-1 + (9 - (8 - 3)) + -5
-2
(4 - 9 - -4) + -1
-2
Evaluate 1 - (5 + -3 + -1) - -3.
3
6 + 5 + -10 + -4 + -1
-4
What is the value of 85 + -74 - (-3 + 8)?
6
What is (-14 - -13) + 1 + -4?
-4
Calculate 0 + -5 - -12 - 0 - -2.
9
Calculate (-5 - 0) + (-12 - -25 - 13).
-5
-1 + 1 + -1 + 4 + -4
-1
What is (2 - -1 - -2) + -1?
4
Evaluate -6 - -1 - ((6 - 0) + -9).
-2
8 - 5 - ((0 - 0) + -1)
4
What is -7 + (4 - 1) + 8?
4
Calculate 6 + -12 + 4 + 4.
2
3 + 3 + -6 - 6
-6
What is 5 - (-2 + 2) - (10 + -4)?
-1
What is -5 - (-4 + 6 + -6)?
-1
Evaluate -1 - (-11 + (-6 - -3) + 8).
5
2 - -1 - (-6 - (-9 + 4))
4
Calculate 2 - 0 - (2 + 5).
-5
What is the value of 6 + -6 + 17 + (-1 - 7)?
9
What is the value of -5 - (-2 - (-5 + 4))?
-4
12 + -11 + 2 + -4 + 1
0
(-10 - -1) + 12 + -13 + 5
-5
What is (-10 - -16) + 0 - 13?
-7
What is 3 - (8 - (-2 + 2 + 4))?
-1
Evaluate (2 - 2 - 4) + 8.
4
What is (4 - (4 + 1)) + -2 + 10?
7
What is (-7 - -7) + 6 + -8?
-2
12 - (3 - -4 - -1) - -2
6
What is the value of -1 + 5 + -9 + 0?
-5
-5 - -1 - (-8 - -11 - 12)
5
7 + 8 + -15 + (0 - -1)
1
What is the value of 10 - 8 - (-1 - (2 + -1))?
4
(4 - 1 - 1) + -84 + 87
5
Calculate (11 - 6) + (-2 + 1 - 1).
3
What is the value of -1 + 0 + -3 + 0?
-4
What is -1 - (4 - (0 + -7 - -2))?
-10
What is -4 - 0 - (1 + -4)?
-1
Evaluate 5 - (11 + (-4 - 2)).
0
Evaluate 5 - (4 + -1 + -6 + 1).
7
What is -7 + -1 - (5 + -17 + 8)?
-4
Evaluate (-10 - -8) + 0 - 3.
-5
What is -2 + 1 + 7 - (10 + -6)?
2
What is the value of -1 - (-2 - 0) - 2?
-1
What is the value of (6 - (4 + 0 - -1)) + -8?
-7
What is the value of (4 - -1 - 11) + 6?
0
Calculate -5 + (0 - (-3 - 0)) - -3.
1
Evaluate -8 + (-12 - (-19 - -6)).
-7
(-3 - -1) + 15 + -13
0
What is -3 + 16 + -15 + 0 + -9?
-11
Calculate (6 + -17 - -9) + 0.
-2
What is (-1 - -2) + (-8 - -12)?
5
What is the value of (5 - 6) + 2 - (0 - -2)?
-1
Evaluate 0 + (-15 - -7) + 4.
-4
What is the value of 6 - (-6 + 12 + -1)?
1
Calculate -25 + 22 + 8 + -1.
4
-8 + (-5 - (10 - 22))
-1
Evaluate -5 + (5 - (-4 + 5) - -2).
1
Calculate 2 